 = 0, 0 = 2*s + 3*w - 887. What are the prime factors of s?
2, 7
Suppose 4*r = -t - 2*t + 2681, -5*r + 2*t = -3357. Suppose -r - 811 = -13*h. List the prime factors of h.
2, 3, 19
Let m(p) = -p**3 - p**2 + p - 3. Let n be m(0). Let q be (-46)/(n/(-33)*-2). Suppose 57 + q = 5*h. What are the prime factors of h?
2, 31
Suppose -5*n - 4*f + 2*f + 888 = 0, -3*n + 4*f = -512. Let v(w) = w**3 - 7*w**2 + 6*w. Let g be v(6). Suppose 6*k - n - 82 = g. List the prime factors of k.
43
Suppose -321*m + 1040944 = -245*m - 5576. List the prime factors of m.
2, 3, 5, 17
List the prime factors of (-90)/45 + 5/((-10)/(-59656)).
2, 3, 1657
Let k(u) = 431*u**3 - 4*u**2 - 62*u + 246. List the prime factors of k(4).
2, 13759
Let l(u) = u**3 - 8*u**2 + 130*u + 49. What are the prime factors of l(23)?
2, 3, 31, 59
Suppose -4*z = -4*j - 7*z + 444, 2*j - z = 212. What are the prime factors of 9/(6/j*6/4)?
2, 3
Suppose 6582 = 3*a + 69*w - 65*w, a = -2*w + 2192. List the prime factors of a.
2, 7, 157
Let q = -297 + 302. Suppose 2*w - 263 - 870 = q*h, 6 = 2*h. What are the prime factors of w?
2, 7, 41
Let q(z) = 5*z**2 + 14*z - 44. Let u be q(7). Suppose 2*y + y - 460 = -2*g, g + 628 = 4*y. Let d = u - y. What are the prime factors of d?
11, 13
Let t be -35*(-30)/24*-16. Let q = 984 + t. What are the prime factors of q?
2, 71
Suppose -2*r = -5*w + 35106, 5*w - 35108 = -0*r + r. What are the prime factors of w?
2, 3511
Suppose -6755 - 557 = -4*j. Suppose -122 = -5*v + j. What are the prime factors of v?
2, 3, 5, 13
Suppose 38*z - 36575 = 19*z. What are the prime factors of z?
5, 7, 11
Suppose u - 37426 = -5*r, 3*r - 15119 - 7334 = 2*u. What are the prime factors of r?
3, 5, 499
Let z(u) = 2*u**3 - 46*u**2 + 3*u - 39. Let l be z(23). Suppose l*p = 4*p + 6474. What are the prime factors of p?
3, 83
Suppose -329*j + 31731 = 3*r - 332*j, -4*r + 2*j + 42308 = 0. What are the prime factors of r?
7, 1511
Let w(d) = -d**2 + 9*d + 2. Let j be w(9). Suppose j*m + m = -24. List the prime factors of (94/m)/(4/(-16)).
47
Let d = 108 - 114. What are the prime factors of (8/d)/((-8)/132)?
2, 11
Suppose i = f + 1, i + 3*f - 25 = -12. Suppose i*o - 4650 = -c, 2*o + 3*c - 2923 = -593. List the prime factors of o.
2, 7, 83
Let l = -32 - -76. Let j = 44 - l. Suppose j = -7*s + 2*s + 665. What are the prime factors of s?
7, 19
Suppose -7*r + 2 = -5*r. Let s be r*(-3)/(3/(-5)). Suppose 5*c = 3*o - 135, s*o - 3*c = 38 + 203. What are the prime factors of o?
2, 5
Let x(y) = 400*y - 38. Let c = 39 - 37. List the prime factors of x(c).
2, 3, 127
Suppose -2*t = -f - 1157, f - 179 = t - 757. Let n = t + -230. List the prime factors of n.
349
Suppose -4*f + 12402 = -0*f - f. List the prime factors of f.
2, 3, 13, 53
Suppose 3*c - 270 + 87 = 0. Suppose 8*r - 721 = -5*t + 6*r, 4*t + r = 575. Let g = c + t. What are the prime factors of g?
2, 3, 17
Let x(o) = 420*o**2 - 21*o - 1. List the prime factors of x(1).
2, 199
Let k(l) = -3*l**2 - 16*l - 33. Let b be k(-3). Let r(h) = -38*h + 154. List the prime factors of r(b).
2, 5, 61
Let d(p) = -12*p - 10 + 6*p**2 - 4 - 4. Let y be d(-8). Suppose -10*v = -7*v - y. List the prime factors of v.
2, 7, 11
What are the prime factors of 55/(-22)*((-248528)/35)/2?
2, 7, 317
Let y(c) = -c**3 - 15*c**2 + 8*c + 20. Suppose 0 = -2*s - 5 - 29. What are the prime factors of y(s)?
2, 3, 7, 11
Let y = -29172 - -41157. What are the prime factors of y?
3, 5, 17, 47
Let k = -5 - -10. Let p(l) = -6*l - 15. Let d be p(k). What are the prime factors of (-423)/d*(-1 - -6)?
47
Suppose -3*q + 3218 = -4*g, -5*q + 757 + 4614 = g. List the prime factors of q.
2, 3, 179
List the prime factors of (258/(-8))/((-52825)/3300 - -16).
3, 11, 43
Let f(v) = -10*v**3 - v**2 + 7*v + 6. Let a(x) = -9*x**3 - 2*x**2 + 8*x + 8. Let l(m) = 5*a(m) - 6*f(m). What are the prime factors of l(3)?
367
Let f = -2990 + 5120. Suppose 3*i + 2*i = f. Suppose 0*s + 2*s - 284 = -2*p, -3*p - 5*s = -i. What are the prime factors of p?
2, 71
Let s(q) = 4*q**2 - 215*q + 58. Let j be s(39). Let n = -1346 - j. What are the prime factors of n?
3, 13, 23
Let l = 16364 - -2264. List the prime factors of l.
2, 4657
List the prime factors of (18/4 + -4)/(21772/(-10888) + 2).
1361
Let m be 38/(-247) - (-32446)/(-13). List the prime factors of -3 - ((-30)/75 - m/(-10)).
13, 19
Let i(o) = -3605*o + 4*o**2 + 5*o**2 + 44 + 61 + 3620*o. List the prime factors of i(-7).
3, 7
Let w(u) = u**2 + 2*u + 2. Let i be w(-3). Suppose -i*s - 21 = 24. Let q(d) = 2*d**2 + 7*d - 9. List the prime factors of q(s).
2, 3, 5
Let b = 6898 - 2086. What are the prime factors of b?
2, 3, 401
Let n be 1/3 + 140/30. Let p(s) = s**3 + 3*s**2 - 6*s - 2. Let b be p(-4). Suppose -3*a = -n*v - b*a + 62, a + 1 = 0. List the prime factors of v.
13
Let u(x) = -83*x**2 + 16*x + 96. Let z(d) = -21*d**2 + 4*d + 24. Let j(s) = 2*u(s) - 9*z(s). List the prime factors of j(5).
3, 59
Let k(j) = j**2 - 40*j + 206. Let t be k(6). What are the prime factors of ((-190)/(t/1))/(2/(-4))?
2, 5, 19
Let p = 244 - 173. Suppose -p*b = -68*b - 45. List the prime factors of b.
3, 5
Let b be 30/5 + -3 + 2. Suppose -a - 1 = b*k + 1, 5*k + 4*a = -8. Suppose 7*f = -k*f + 1218. What are the prime factors of f?
2, 3, 29
Suppose -22*n + 20*n - 4*p + 54996 = 0, 5*n = -5*p + 137510. What are the prime factors of n?
2, 17, 809
List the prime factors of (4/3 - 79/158)/(2/19164).
5, 1597
What are the prime factors of (-2341296)/(-378) + (-14)/(-441)*3?
2, 19, 163
Suppose 16*x - 13*x - 6 = 0. What are the prime factors of -1 - x - (16 - 65)?
2, 23
Let w = -1270 + 475. What are the prime factors of 18/45*(-5)/2 - w?
2, 397
Let r(y) = 3*y - 37. Let n be r(14). Suppose n*g = -617 + 5127. Suppose -g = -6*t - 5*t. What are the prime factors of t?
2, 41
List the prime factors of (-39*330/(-40))/(21/616).
2, 3, 11, 13
Let q(f) = 184*f - 12 + 21 - 41 - 48. List the prime factors of q(4).
2, 41
Suppose 2*r + 40 + 47 = 3*m, 0 = -r - 5*m - 24. Let s = r + 662. List the prime factors of s.
7, 89
Let x = -34 - -36. Let o(y) = 16*y**2 - y - 4 - 9*y - 14*y**x. List the prime factors of o(-3).
2, 11
Suppose 27 = f + 3*o, -2*f - 2*f = 4*o - 116. Suppose 10 + f = 2*r. List the prime factors of 1 - (-198 - -4) - r/5.
191
Suppose -p - 6 = -6. Suppose -5*u + p*u = 405. Let x = -48 - u. List the prime factors of x.
3, 11
Let n(f) = -3*f**3 - 6*f**2 + 13*f + 6. Let y(r) = -r**3 + 2*r**2 + r. Let l(t) = -n(t) + 2*y(t). List the prime factors of l(-8).
2, 3, 5, 7
Let k be 3 + 2 - (-4 - (-3)/1). List the prime factors of 209 + (9 - k)/3.
2, 3, 5, 7
Suppose -8*c - 3*y = -9*c + 401, 3*c + 4*y - 1203 = 0. Let t = 432 - c. List the prime factors of t.
31
Suppose 4 = 5*p + u - 19, 23 = 2*p + 5*u. Suppose 2*r + 5*g = -2 - 20, p*r = -3*g - 16. What are the prime factors of (-1 + r/(-3))/(6/(-1143))?
127
Suppose -11*a + 1209363 - 347923 = 9*a. List the prime factors of a.
2, 673
Suppose -15*l - 1 = -1. Suppose 5*y + 20 = l, -30*m + 436 = -28*m - 3*y. List the prime factors of m.
2, 53
List the prime factors of (-9 - -948)*(23 + -20).
3, 313
Suppose 16 = 4*u - 28. Suppose d + 5*b = -u, -5 = d - 0*b + 2*b. What are the prime factors of 5 + (4 + d - 2)?
2, 3
Let l be (-18)/(-3) + (33 - 16) + -12. Let k be (-1)/(-4) - (-1398)/8. Suppose 16*a - k = l*a. List the prime factors of a.
5, 7
Let z(c) = 6*c**2 - 3*c - 23. Let b be z(-7). Let f be 102/((-10)/4 - -4). Suppose b = 4*g - f. What are the prime factors of g?
2, 3, 5
Let i(h) = -154*h + 6. Suppose -8*s + 5*s = 6. List the prime factors of i(s).
2, 157
Let q be (-15)/(-10)*(-100)/6. Let o = -28 - q. What are the prime factors of 10/(-15) + (0 - 14/o)?
2
List the prime factors of -34*((-2078)/(-10))/(18 - (-273)/(-15)).
2, 17, 1039
Let k = -359 + 636. Let n = k - 91. Let t = n - -43. What are the prime factors of t?
229
Suppose 2577*a - 205686 = 2559*a. What are the prime factors of a?
3, 13, 293
Let p(d) = 8*d - 67. Let f be p(9). Let c = 11 - 9. Suppose -3*z = -2*z - 2, 0 = f*v + c*z - 284. What are the prime factors of v?
2, 7
Let f(v) be the first derivative of -7/2*v**2 - 34 - 14*v - 5/3*v**3 - 1/4*v**4. List the prime factors of f(-7).
7, 19
Suppose -q - 5 = 0, 2*q + 10 = -5*g - 2*q. Suppose -2*v + l + 4 = -2, 0 = -2*v + 3*l + g. Suppose 2*h + 228 = v*h. List the prime 